39. Let x be b(17). Let t = 166 + x. Calculate c(t).
-7
Let h(f) = f**2 + f + 8. Let r be h(0). Let o(t) = -t**2 - r - 55*t + 6 + 60*t. Let j = 7 + -4. Determine o(j).
4
Let i(r) = -r**2 + 23*r - 92. Let w be i(18). Suppose 2*d - 7 = 1. Let q(b) = -b + d*b + b - 5*b + 1. Calculate q(w).
3
Let k(c) = 14*c**3 - 34*c**2 + 4*c + 7. Let r(t) = 17*t**3 - 39*t**2 + 3*t + 7. Let o(a) = -6*k(a) + 5*r(a). Give o(-9).
74
Let s be 0 + 49 + (0 - 0) + 3. Let m = s + -48. Let t(o) = 2*o**2 - 13*o - 2. Let q(h) = -h**2 + 7*h + 1. Let y(g) = 5*q(g) + 3*t(g). Calculate y(m).
-1
Let w = 6 - 9. Let i(r) = 4*r**3 - 3*r**2 + 3*r - 1. Let j be i(1). Let l(m) = 0*m**3 + 3 - 7 + 8*m**j - 7*m**3 + 4*m**2. Determine l(w).
5
Let y(m) = -4*m - 65. Suppose -11*k = w - 9*k + 12, w + 5*k + 6 = 0. Determine y(w).
-1
Suppose 3*k + 5*r = -0*r - 23, -2*k = 3*r + 14. Let q(s) = 8*s**2 + 3*s - 2. Let m(j) = 8*j + 2 - 10*j - 1 - 7*j**2. Let d(l) = 3*m(l) + 2*q(l). Calculate d(k).
-6
Let u(k) = -k + 4. Let w = 239 + -230. Suppose 0 = y - 2*y - 12. Let x be 0/((y/w)/(6/9)). Give u(x).
4
Let o(t) be the second derivative of -t**3 - 3*t + 246. Suppose 4*m + 9 = m. What is o(m)?
18
Let l(k) = 36*k - 462. Let v(g) = -50*g + 693. Let t(n) = 10*l(n) + 7*v(n). What is t(-23)?
1
Let q(c) = -3*c**3 - 7*c**2 + 6*c + 7. Let k(y) = -8*y**3 - 14*y**2 + 12*y + 14. Let t(r) = -2*k(r) + 5*q(r). Suppose -5*j = 7 - 2, 5*j = g - 11. What is t(g)?
7
Let a be 3/(-9) + (-4)/(-12). Suppose -3*p = 3 - a. Let z(d) = -d + 3*d**2 - 10*d**2 + d**2 - 4*d**2. Determine z(p).
-9
Let x = -153 + 152. Let a(g) be the third derivative of g**5/12 + g**4/24 + 484*g**2. Determine a(x).
4
Let q(m) = -8*m**2 - m + 1. Suppose 12 = y + 12. Suppose -4*f + 13 - 9 = y. Determine q(f).
-8
Let d(j) be the first derivative of j**4/4 - 13*j**3/3 - j**2 + 26*j - 126. Suppose -4*k + 2*m = -58, 2*k = -3*m + 12 + 5. Give d(k).
0
Let m(h) = -2*h**3 + 59*h**2 + 27*h + 84. Let f be m(30). Let w(g) be the first derivative of -3*g**2 + 0*g - 1/3*g**3 - 1. What is w(f)?
0
Let f(w) = -46 + 293*w + 287*w + 298*w - 871*w. Determine f(4).
-18
Suppose 11*v = 68 - 46. Let p(m) = -2*m**3 - 2*m**2 + 3*m**2 + 3*m + 0*m**2 + 1 + 1. Calculate p(v).
-4
Let q(b) be the first derivative of b**4/4 - 3*b**3 + b**2/2 + 872. Let t be -1 + (11 - (-1 - -2)). Give q(t).
9
Let b(x) be the second derivative of -x**5/20 + 7*x**4/6 + 7*x**3/3 + 35*x**2/2 - 1624*x. Give b(15).
20
Let g(x) = -x**2 - x. Let t = 16 - -1. Suppose -w + 26 = -t. Let j be -38 + w + -8 + 0. Determine g(j).
-6
Let j(u) = u**3 - 22*u**2 + u - 30. Let x(k) = -k**3 + 15*k**2 + 127*k + 1. Let d be x(21). What is j(d)?
-8
Let q be (-1854)/(-126) + (-2)/(-7). Let g = q - 5. Suppose -2*o - g = 2*h, 3*h = h + o + 2. Let w(p) = 24*p**2 + p + 1. Determine w(h).
24
Let n(l) = -19*l + 602. Let j be n(31). Let h(q) = -3*q**2 + 40*q - 14. What is h(j)?
-1
Suppose 9 = 4*y - 7. Suppose -y*l + 14 = -2*a, -l + 19 = 3*l - 3*a. Let j(n) be the first derivative of n**4/4 + 2*n**3/3 - n**2 + n + 759. What is j(l)?
2
Let z(d) = -d**3 - 3*d**2 + 3*d - 4. Suppose -44*q + 48 = -40*q. Suppose -q*i + 7*i = 225. Let y = i + 42. Determine z(y).
-13
Let z(i) = 204 - 213 + 0*i - 2*i + i. What is z(-16)?
7
Let s be (-2)/6 + (-18)/27. Let z be 2*(s/(-2))/((-4)/(-8)). Let d(g) = 14*g**2 + 6*g - z + 7*g**2 - 20*g**2. Calculate d(-5).
-7
Let a(g) = g - 7. Suppose 4*h + 3*o - 23 = -2*o, 4*o + 11 = h. Let k be a(h). Let t(w) be the first derivative of -w**3/3 + w**2/2 + w - 54. Calculate t(k).
1
Let m(x) be the third derivative of -x**8/10080 + x**7/504 + x**6/90 - x**5/60 + 25*x**3/3 - 150*x**2. Let b(p) be the third derivative of m(p). What is b(6)?
-4
Let g(j) = -4*j**2 - 16*j + 11. Let f(r) = 8*r**2 + 14*r - 23. Let s(b) = b**2 + b - 3. Let k(u) = -f(u) + 6*s(u). Let q(l) = -2*g(l) + 5*k(l). Calculate q(-6).
-21
Let y(h) = -5*h**2 + 48*h + 79. Let a be y(11). Let k(q) = 6*q - 19. Determine k(a).
-7
Let i(j) = j**2 - 7*j + j**3 - 92 + 100 + 2*j - 8*j. Let d be i(3). Let n(f) = -4*f - 5. What is n(d)?
-25
Let y(j) = -3*j**3 + 704*j**2 - 25*j - 727*j**2 + 7*j - 26. Let t(v) = v**3 + 8*v**2 + 6*v + 9. Let b(h) = 11*t(h) + 4*y(h). Determine b(-4).
19
Let h(t) = 3*t + 4. Let b = -13 + 23. Let u be 24/15*b/(-4). What is h(u)?
-8
Let t(h) be the third derivative of 0*h - 42*h**2 + 0*h**3 + 0 + 1/2*h**4. Give t(-3).
-36
Let l(f) = f**2 + 22*f + 9. Let v be l(-22). Suppose -2*k - n = -3, 2*k - 15 = -3*n - 6. Suppose t + v - 19 = k. Let i(p) = -p + 11. Determine i(t).
1
Let t(g) = -9*g + 17. Let j(u) be the second derivative of -2*u**3 + 9*u**2 + u + 51. Let f(h) = 2*j(h) - 3*t(h). Give f(5).
0
Let s = -21296 - -21292. Let k(r) = 15*r + 79. Calculate k(s).
19
Suppose -4*i + 48 = 2*h, 81 = 13*h - 9*h + 3*i. Let y be ((-24)/h)/(2/9). Let p(u) = -7*u - 36. What is p(y)?
6
Let f(m) = 59*m**2 - 21*m**3 - 5 - 5 + 2*m + 9 - 39*m**2 - 22*m**2. Determine f(1).
-22
Let x(m) = -100*m + 180. Let p(s) = 10*s - 17. Let j(w) = 65*p(w) + 6*x(w). Give j(1).
25
Let c(v) be the second derivative of v**3 - 2*v**2 - 11 + 1/12*v**4 - 2*v. Give c(-6).
-4
Let r(s) = 4*s**2 + 22. Let q(t) = 2*t - 7. Let h be q(5). Let m(u) be the first derivative of -11*u**3/3 - 65*u + 1641. Let n(f) = h*m(f) + 8*r(f). Give n(0).
-19
Suppose 0 = -5*h - 25. Let d(x) = -13 + 0 + 6 - x + 7 + 5. What is d(h)?
10
Let s(i) = i**3 + 4*i**2 - 5. Let d(m) = m**2 + 13*m - 34. Suppose -55*o - 180 = -43*o. Let l be d(o). What is s(l)?
-5
Let v(x) = -49*x**2 + 581*x + 92. Let p be v(12). Let t(s) = 3*s - 21. What is t(p)?
3
Suppose 0 = 288*v - 304*v + 144. Let j(t) = t**2 - 9*t + 5. Give j(v).
5
Let h(r) be the third derivative of -5*r**4/24 - 85*r**3/6 + 40*r**2 - 13*r. Calculate h(-20).
15
Suppose 64*n - 106*n - 34 = -59*n. Let w(o) = -13*o + 17. Determine w(n).
-9
Suppose 0 = -v - 5*k + 39, 5*k = v + 1 - 0. Let o(q) = v*q + 18*q - 1 + 23*q - 73*q. Determine o(1).
-14
Let n(k) = -3*k - 14*k + 5*k + 0*k + 4*k - 64. What is n(-9)?
8
Let s(y) = y**2 - 10*y + 3. Suppose 0 = t + 4*w - 1 - 4, 0 = t - 5*w - 14. Let p be 4/(1 + 3) + t. Calculate s(p).
3
Suppose -9*y = -564 - 147. Let n(p) = 5*p**2 + y*p + 8 - 2*p**3 + p**3 - 75*p. What is n(6)?
-4
Suppose 0 = 2*x + 5*p - 8, 2*p + 3 = -4*x + 35. Let w(c) = 49651*c - 49651*c - c**3 + x. Give w(0).
9
Let s(j) = j**2 - 4*j - 7. Let y be s(6). Let c(q) = 64*q - 143*q + y + 77*q. What is c(10)?
-15
Let l(j) = -21 - 17 - 20 - 14 + 68 + 14*j**2 + 4*j. What is l(2)?
60
Let g(h) = -9 + 136*h**2 - 133*h**2 + 7 - h. Suppose -74*q = -78*q + 8. Calculate g(q).
8
Let g(q) = -3*q**2 + 46*q - 19. Let p = -3183 + 3198. Give g(p).
-4
Let n(f) = -33 - 82 - 23778169*f + 23778159*f. Calculate n(-13).
15
Let l(o) = -32*o + 26. Let h(w) = -44*w + 22. Let g(i) = -3*h(i) + 4*l(i). Give g(-3).
26
Let x(r) = 356 - 1314*r**2 + 1313*r**2 - 15*r - 411. Determine x(-8).
1
Let q = 89 + -90. Let m(w) = w**3 - w**2 - 2*w - 1. Let o(v) = -11*v**3 + v**2 + 3*v + 1. Let j(b) = q*o(b) - 2*m(b). Give j(-1).
-8
Let j(p) = 4*p**2 + p - 11. Let g = -25 - -19. Let f be j(g). Let d = 134 - f. Let x(l) = -l**3 + 8*l**2 - 8*l + 7. Give x(d).
0
Let c(g) = g - 2. Suppose -136 = -118*s - 18. Calculate c(s).
-1
Let p(i) = 2*i**2 + 6*i - 13. Suppose 0 = -3*s + 2*l - 27, 4*s - l + 47 = 16. Give p(s).
43
Let h(o) = -o**3 + 11*o**2 - 13*o + 1. Let m(y) = 3*y**3 + 20*y**2 - 28*y + 42. Let n be m(-8). Calculate h(n).
-29
Let p(s) = s**3 + 107*s - 4*s**2 + 2*s**2 + 1 + 5*s**2 - 105*s. Let v be p(-2). Let q(a) = -11*a**3 + 2*a**2 - 1. What is q(v)?
-10
Let n(d) = -10*d**2 - 2*d + 5. Let x = 7258 - 7258. What is n(x)?
5
Let j = -19470 - -19462. Let q(k) = -2*k**3 - 16*k**2 + 4*k + 32. What is q(j)?
0
Let h(f) = -f**2 + 14*f - 50. Let d = 5729 + -5722. Give h(d).
-1
Let l(j) = -2 + 3 + 2*j - 4 + 10. Let a be 2/(-8) + (430/8)/(-5). Determine l(a).
-15
Suppose -2*f = 2*k - 40, 2*f - 26 - 5 = -5*k. Suppose 0 = d - 3, 5*b - 5 = -d + f. Let t(z) = -4*z - z**2 + 19*z - 13*z + 7. Calculate t(b).
-8
Let g = -31602 - -31601. Suppose -1 - 11 = -3*i. Let u(n) = i - 10*n - 4. What is u(g)?
10
Let l(d) = -16*d - 9*d - 16*d + 1 + 40*d. Suppose 4*m - 12*m - 40 = 0. What is l(m)?
6
Let q = -58 - -58. Suppose -3*p + 2*p = -y - 551, 4*y + 1094 = 2*p. Let c(v) = 3 + 278*v + v**2 - p*v + 276*v. Give c(q).
3
Let t(i) = i**